alse
Is 913370 a multiple of 10?
True
Does 62 divide 1152484?
False
Does 96 divide 308480?
False
Is 301 a factor of 812700?
True
Is 631410 a multiple of 10?
True
Is 2729698 a multiple of 15?
False
Does 16 divide 3408288?
True
Is 14 a factor of 3173697?
False
Is 181 a factor of 297564?
True
Does 14 divide 107674?
True
Is 6016893 a multiple of 488?
False
Is 595 a factor of 558110?
True
Is 1505448 a multiple of 72?
True
Is 82179 even?
False
Does 133 divide 12311411?
True
Does 44 divide 674900?
False
Is 717 a factor of 2120896?
False
Is 25 a factor of 9886701?
False
Is 3470179 a multiple of 257?
False
Does 69 divide 737058?
True
Does 1656 divide 18907063?
False
Is 569879 a multiple of 18?
False
Is 1261677 a multiple of 29?
False
Is 41 a factor of 68084?
False
Is 288 a factor of 16888320?
True
Does 5 divide 48655?
True
Does 90 divide 231515?
False
Is 27514 a multiple of 5?
False
Does 26 divide 230125?
False
Does 13 divide 110196?
False
Is 3008811 a multiple of 17?
False
Does 24 divide 289056?
True
Does 3 divide 380679?
True
Does 12 divide 716093?
False
Is 10751400 a multiple of 108?
True
Is 812330 a multiple of 362?
False
Does 303 divide 88989?
False
Does 15 divide 208006?
False
Is 226 a factor of 1012028?
True
Is 11 a factor of 2939725?
False
Does 81 divide 165156?
False
Is 17 a factor of 377315?
True
Is 172147 a multiple of 154?
False
Is 33 a factor of 51789?
False
Does 122 divide 164157?
False
Does 5 divide 10329?
False
Does 92 divide 236072?
True
Is 196992 a multiple of 384?
True
Does 35 divide 1084685?
True
Is 6068583 a multiple of 1081?
False
Does 15 divide 22952?
False
Is 879121 a multiple of 20?
False
Is 8198226 a multiple of 967?
True
Does 12 divide 68126?
False
Is 49140 a multiple of 26?
True
Does 6 divide 5058?
True
Is 24 a factor of 951360?
True
Is 3 a factor of 2684558?
False
Does 300 divide 621672?
False
Does 94 divide 221746?
True
Is 68004 a multiple of 107?
False
Is 107400 a multiple of 50?
True
Does 212 divide 606603?
False
Does 107 divide 854609?
True
Is 209353 a multiple of 124?
False
Is 181 a factor of 372679?
True
Is 10007921 a multiple of 11?
True
Is 2422557 a multiple of 31?
True
Does 279 divide 2677842?
True
Is 226637 a multiple of 98?
False
Does 80 divide 177600?
True
Is 5545789 a multiple of 172?
False
Does 10 divide 5975800?
True
Does 521 divide 2405207?
False
Is 156 a factor of 1411956?
True
Is 20 a factor of 10448786?
False
Is 661955 a multiple of 35?
True
Is 6 a factor of 1896537?
False
Is 224481 a multiple of 48?
False
Is 26 a factor of 443664?
True
Does 15 divide 3078120?
True
Is 9 a factor of 230424?
False
Does 157 divide 5356641?
False
Is 685136 a multiple of 311?
False
Does 13 divide 693420?
True
Is 399884 a multiple of 4?
True
Is 14 a factor of 247943?
False
Is 3 a factor of 2089002?
True
Is 11449 a multiple of 13?
False
Does 79 divide 1052108?
False
Is 3225852 a multiple of 204?
True
Is 8006469 a multiple of 16?
False
Is 11910356 a multiple of 79?
True
Is 1272860 a multiple of 3?
False
Does 6 divide 3695910?
True
Is 320 a factor of 130560?
True
Does 119 divide 359497?
False
Does 79 divide 132957?
True
Does 29 divide 32538?
True
Is 340 a factor of 203078?
False
Does 821 divide 4081191?
True
Does 401 divide 72709?
False
Is 676617 a multiple of 284?
False
Is 431680 a multiple of 42?
False
Does 8 divide 123208?
True
Is 1256157 a multiple of 52?
False
Does 130 divide 44166?
False
Does 28 divide 485526?
False
Does 9 divide 373374?
True
Is 11943 a multiple of 127?
False
Does 51 divide 3016752?
True
Is 81 a factor of 16452963?
True
Is 81248 a multiple of 16?
True
Does 8 divide 168568?
True
Does 17 divide 5155097?
True
Is 33 a factor of 6302?
False
Is 1870760 a multiple of 9?
False
Is 9843 a multiple of 3?
True
Does 7 divide 341019?
True
Does 42 divide 140532?
True
Is 41 a factor of 244647?
True
Does 18 divide 585684?
True
Is 142776 a multiple of 216?
True
Does 29 divide 44776?
True
Is 123734 a multiple of 9?
False
Is 31716 a multiple of 36?
True
Does 190 divide 149792?
False
Does 143 divide 37609?
True
Is 3 a factor of 88542?
True
Is 382700 a multiple of 2150?
True
Does 10 divide 1536428?
False
Is 15125496 a multiple of 24?
True
Is 557 a factor of 18503?
False
Does 239 divide 22917?
False
Is 742374 a multiple of 25?
False
Is 109 a factor of 4350299?
True
Does 8 divide 177594?
False
Is 1062930 a multiple of 4?
False
Is 21 a factor of 12180?
True
Is 247 a factor of 521911?
True
Does 38 divide 2644630?
False
Is 150 a factor of 82639?
False
Is 699019 a multiple of 8?
False
Is 15554189 a multiple of 20?
False
Is 22181750 a multiple of 1069?
True
Does 115 divide 68080?
True
Is 324 a factor of 636984?
True
Is 171 a factor of 2980748?
False
Does 97 divide 94329?
False
Does 385 divide 236144?
False
Does 14 divide 267680?
True
Is 129444 a multiple of 268?
True
Does 4 divide 346185?
False
Does 166 divide 2784726?
False
Is 501274 a multiple of 8?
False
Does 10 divide 23000?
True
Is 224209 a multiple of 145?
False
Is 53 a factor of 470114?
False
Is 667 a factor of 3759457?
False
Is 3 a factor of 21846?
True
Does 28 divide 583612?
False
Is 104 a factor of 4027400?
True
Is 2159388 a multiple of 492?
True
Is 151623 a multiple of 43?
False
Is 8271163 a multiple of 345?
False
Does 6 divide 52686?
True
Does 262 divide 3083285?
False
Is 40 a factor of 314200?
True
Does 16 divide 1283776?
True
Does 18 divide 7020?
True
Is 251 a factor of 5415687?
False
Does 160 divide 2316510?
False
Does 282 divide 380928?
False
Is 17 a factor of 3781123?
True
Is 2470531 a multiple of 54?
False
Is 135 a factor of 385217?
False
Is 30 a factor of 259320?
True
Is 16465246 a multiple of 12?
False
Is 1198663 a multiple of 19?
False
Is 148 a factor of 1192639?
False
Does 90 divide 1322550?
True
Is 419 a multiple of 2?
False
Is 306529 a multiple of 6?
False
Is 146898 a multiple of 18?
True
Is 736659 a multiple of 11?
True
Is 39579 a multiple of 12?
False
Is 71243 a multiple of 236?
False
Is 6 a factor of 7126?
False
Is 214774 a multiple of 46?
True
Is 6832950 a multiple of 6?
True
Is 1518814 a multiple of 341?
True
Does 260 divide 134680?
True
Is 259 a factor of 517223?
True
Is 512 a factor of 1504768?
True
Is 132145 a multiple of 4?
False
Is 29263 a multiple of 12?
False
Does 40 divide 18047655?
False
Is 45099 a multiple of 9?
True
Is 46 a factor of 195592?
True
Is 3 a factor of 114882?
True
Does 681 divide 742957?
False
Is 10 a factor of 2703030?
True
Is 27144768 a multiple of 1063?
True
Is 12 a factor of 156937?
False
Is 368 a factor of 1116880?
True
Is 56145 a multiple of 197?
True
Does 96 divide 1287852?
False
Does 194 divide 905592?
True
Is 23 a factor of 89197?
False
Is 293 a factor of 1468430?
False
Is 94626 a multiple of 6?
True
Does 344 divide 1155235?
False
Does 68 divide 262004?
True
Is 10 a factor of 3224148?
False
Is 10434 a multiple of 94?
True
Does 114 divide 1953390?
True
Does 79 divide 856183?
False
Is 418 a factor of 10486209?
False
Does 16 divide 4792224?
True
Is 2619219 a multiple of 39?
False
Does 171 divide 75582?
True
Is 146590 a multiple of 214?
True
Is 3886058 a multiple of 29?
True
Is 13 a factor of 46210?
False
Does 335 divide 137045?
False
Is 18 a factor of 64368?
True
Does 41 divide 101065?
True
Is 117792 a multiple of 30?
False
Does 45 divide 106462?
False
Is 537438 a multiple of 66?
True
Is 286008 a multiple of 209?
False
Is 22881073 a multiple of 23?
False
Is 23772 a multiple of 84?
True
Does 222 divide 96355?
False
Is 271920 a multiple of 15?
True
Does 74 divide 414171?
False
Is 90174 a multiple of 21?
True
Is 420376 a multiple of 68?
True
Is 8315 a multiple of 175?
False
Does 80 divide 165760?
True
Is 209965 a multiple of 160?
False
Does 69 divide 469683?
True
Is 44 a factor of 19047?
False
Is 521544 a multiple of 24?
True
Is 71 a factor of 265902?
False
Is 1696666 a multiple of 26?
False
Is 819 a factor of 1877148?
True
Is 866175 a multiple of 117?
False
Does 77 divide 9315926?
False
Does 23 divide 54322?
False
Is 603084 a multiple of 134?
False
Is 838495 a multiple of 42?
False
Does 1844 divide 2974372?
True
Is 64 a factor of 331233?
False
Is 10 a factor of 37741?
False
Is 572 a factor of 1283395?
False
Is 14 a factor of 187710?
False
Does 195 divide 110175?
True
Is 27 a factor of 4254174?
True
Is 9 a factor of 574929?
Tru